 what is 0 + 10224?
10224
In base 13, what is -6688 + 5?
-6683
In base 10, what is -34 - -10?
-24
In base 5, what is 0 - -22?
22
In base 6, what is -3 - -130?
123
In base 9, what is 5083 + -1?
5082
In base 11, what is 10 + 3?
13
In base 7, what is 3 - -6261?
6264
In base 12, what is 1 - -16?
17
In base 14, what is -3a - -10?
-2a
In base 13, what is -cc - 0?
-cc
In base 5, what is -142440 + -1?
-142441
In base 15, what is -d3 + -1?
-d4
In base 5, what is 13 + 1?
14
In base 13, what is -a6 - -5?
-a1
In base 6, what is 10530 - 0?
10530
In base 12, what is 3 + 427?
42a
In base 6, what is 11 + -2552?
-2541
In base 9, what is 4 + 84?
88
In base 8, what is 545 - 2?
543
In base 11, what is 3 + -87?
-84
In base 9, what is 5 - 240?
-234
In base 2, what is -110010111 + 1101?
-110001010
In base 16, what is 137 + -1?
136
In base 4, what is 1123 - 11?
1112
In base 10, what is 385 - -5?
390
In base 7, what is 62 - 160?
-65
In base 15, what is -4a2 - 0?
-4a2
In base 2, what is 1000 + -1101001110?
-1101000110
In base 3, what is -1201 + 21?
-1110
In base 10, what is 828 + -1?
827
In base 16, what is 44d - -10?
45d
In base 8, what is -330 - 7?
-337
In base 14, what is 8c - 2?
8a
In base 7, what is 2 + -230?
-225
In base 5, what is 2 - 121111?
-121104
In base 15, what is 5 - 1a3?
-19d
In base 6, what is -11 - -15233?
15222
In base 5, what is 2 + -112031?
-112024
In base 13, what is 3 - -28?
2b
In base 7, what is -264 - 46?
-343
In base 7, what is -6662 - 4?
-6666
In base 5, what is 42 + -22?
20
In base 4, what is -20 + -133?
-213
In base 4, what is 2001 + 1313?
3320
In base 6, what is -54 - -14?
-40
In base 2, what is 1000000 - 100?
111100
In base 13, what is -341 + -10?
-351
In base 4, what is -32 + 10132?
10100
In base 5, what is -23 - 43?
-121
In base 12, what is 7b - -15?
94
In base 15, what is 68 - 4?
64
In base 4, what is 22 - -21233?
21321
In base 11, what is -128 - 4?
-131
In base 12, what is -1b11 - -3?
-1b0a
In base 4, what is -11 - 123121?
-123132
In base 4, what is 20 - 1123?
-1103
In base 5, what is -12220 - -4?
-12211
In base 11, what is -361 - -4?
-358
In base 14, what is -1bc + -3?
-1c1
In base 4, what is -1332 - 210?
-2202
In base 4, what is 20 - 1?
13
In base 16, what is -2 + -7?
-9
In base 14, what is 171c + 5?
1723
In base 12, what is -3 - 186?
-189
In base 12, what is 1002 + 0?
1002
In base 8, what is 1 - 1101?
-1100
In base 13, what is -65 - -5?
-60
In base 11, what is 186 - -2?
188
In base 5, what is -20224 - -2?
-20222
In base 12, what is -2 + 156?
154
In base 2, what is 11 + -10111?
-10100
In base 8, what is -1 + -115?
-116
In base 7, what is 46 - 5?
41
In base 3, what is -1 + 12222022?
12222021
In base 12, what is 15 + 65?
7a
In base 16, what is -6 - b9?
-bf
In base 16, what is -5 - 142?
-147
In base 9, what is -2 + 125?
123
In base 5, what is 0 - -411?
411
In base 6, what is -532040 + 1?
-532035
In base 8, what is -1 - 2742?
-2743
In base 12, what is -32 + 26?
-8
In base 8, what is 0 - 14?
-14
In base 14, what is -20 - 26?
-46
In base 4, what is 2300 - -212?
3112
In base 16, what is -ab - 4?
-af
In base 4, what is -2313 + 2?
-2311
In base 3, what is 121 + 1202?
2100
In base 8, what is 460 + -1?
457
In base 11, what is -11 - 3?
-14
In base 2, what is 1101001111 + -11?
1101001100
In base 6, what is -4 + 1244?
1240
In base 3, what is 2 - 1010012?
-1010010
In base 12, what is -57 + -151?
-1a8
In base 14, what is -3 + -355?
-358
In base 5, what is -31 + 111?
30
In base 14, what is -3d + -2?
-41
In base 4, what is -223 - -10?
-213
In base 6, what is -33 + 105?
32
In base 6, what is -1 - 24105?
-24110
In base 14, what is 29ab + 4?
29b1
In base 10, what is 146 + -4?
142
In base 15, what is -1 + 2?
1
In base 2, what is 1010111001100 - 1?
1010111001011
In base 6, what is -334 - -14?
-320
In base 13, what is -7b + 5?
-76
In base 3, what is -12212 + 10?
-12202
In base 11, what is 0 + -4?
-4
In base 14, what is -ba + 5?
-b5
In base 12, what is 0 - 19?
-19
In base 4, what is -10 + -133?
-203
In base 10, what is 218 + -4?
214
In base 9, what is 3 + -67?
-64
In base 14, what is -106 - 0?
-106
In base 7, what is 21 - 153?
-132
In base 13, what is 5 - 47?
-42
In base 11, what is 2 - -143?
145
In base 9, what is 4341 + 3?
4344
In base 14, what is 0 + 1a0?
1a0
In base 14, what is 12a - 2?
128
In base 10, what is 2 + 4729?
4731
In base 9, what is 71 + 42?
123
In base 12, what is 63 + -9?
56
In base 2, what is -1100 + -110110?
-1000010
In base 3, what is 101210 + 20?
102000
In base 16, what is 18 - -f?
27
In base 9, what is 5350 - 5?
5344
In base 3, what is 1 - 100112?
-100111
In base 13, what is -3b72 + 3?
-3b6c
In base 2, what is -10101001000111 + 10?
-10101001000101
In base 6, what is -4120 + -4?
-4124
In base 5, what is -10244 - -1?
-10243
In base 7, what is -1 - -5456?
5455
In base 10, what is -1000 - -4?
-996
In base 14, what is -5 + 11c?
117
In base 4, what is -102 + 2022?
1320
In base 14, what is -1 + -b?
-c
In base 2, what is -1101 + -11110?
-101011
In base 7, what is 34051 - 4?
34044
In base 15, what is -8a3 - 4?
-8a7
In base 3, what is -12001 + -2?
-12010
In base 3, what is 1110 - 111?
222
In base 12, what is 1b - 1?
1a
In base 3, what is 1 + -11010111?
-11010110
In base 6, what is 12 - -3?
15
In base 6, what is 31 - 23?
4
In base 11, what is -91 - 3?
-94
In base 6, what is -1245 + -4?
-1253
In base 3, what is -10 - 1110220?
-1111000
In base 4, what is 10 - -1103?
1113
In base 5, what is -2 - 3000?
-3002
In base 2, what is 10010100 + 11?
10010111
In base 16, what is 3 - -39?
3c
In base 13, what is -27 - -4?
-23
In base 11, what is -21a + -30?
-24a
In base 8, what is 1202 + 2?
1204
In base 15, what is 8d + 5?
93
In base 15, what is -4a4d - 4?
-4a52
In base 4, what is 113022 + 0?
113022
In base 15, what is -29d - 5?
-2a3
In base 14, what is -65 - -2?
-63
In base 11, what is -2423 - 2?
-2425
In base 3, what is -11 - 11122120?
-11122201
In base 6, what is -2 + 140?
134
In base 12, what is 4703 - 2?
4701
In base 16, what is -1 + 2e?
2d
In base 10, what is 0 - -411?
411
In base 6, what is 501 + 123?
1024
In base 4, what is -101110 - -2?
-101102
In base 13, what is 1440 + 0?
1440
In base 14, what is 23a + -5?
235
In base 8, what is -230 - 5?
-235
In base 14, what is -3053 + 1?
-3052
In base 2, what is -1100 + -10011110?
-10101010
In base 12, what is -5 - 42a?
-433
In base 13, what is 5 - -526?
52b
In base 11, what is 6784 + -1?
6783
In base 11, what is -40 - 5?
-45
In base 8, what is 1722 + 2?
1724
In base 3, what is 10202 + -1100?
2102
In base 2, what is 10 + 1101011?
1101101
In base 13, what is -10 - -1c?
c
In base 6, what is 4 + -1503?
-1455
In base 16, what is -b78 + -3?
-b7b
In base 16, what is 7 - -fb?
102
In base 3, what is -101 + 22001?
21200
In base 3, what is 11 + -121?
-110
In base 3, what is 2012 - -11?
2100
In base 6, what is 12 + 124?
140
In base 9, what is 20 + -20?
0
In base 12, what is -9 - -24a?
241
In base 3, what is 1 + -20101122?
-20101121
In base 2, what is 100110111 + -1000?
100101111
In base 11, what is 0 - -a3?
a3
In base 12, what is 2 + 2771?
2773
In base 9, what is -6 - 1?
-7
In base 10, what is 0 - -114?
114
In base 15, what is -4 + 2c5?
2c1
In base 13, what is c90 - -2?
c92
In base 3, what is 10201 - 0?
10201
In base 9, what is 1 - 3062?
-3061
In base 10, what is -173 + 1?
-172
In base 7, what is 5 + 135?
143
In base 7, what is -1032 + -5?
-1040
In base 10, what is -973 - -1?
-972
In base 14, what is -3 + 728?
725
In base 10, what is -9 + 1171?
1162
In base 9, what is 2 + 264?
266
In base 8, what is -57 + 3?
-54
In base 16, what is -4 + -4ac?
-4b0
In base 12, what is 13 - -a0b?
a22
In base 4, what is -11 - 113022?
-113033
In base 13, what is 50b + 3?
511
In base 6, what is 100152 + -2?
100150
In base 16, what is 10 - -19?
29
In base 7, what is 3 - -116?
122
In base 4, what is 1010333 - -2?
1011001
In base 10, what is -3 + 4882?
4879
In base 7, what is 313 + -4?
306
In base 6, what is 54110 - 1?
54105
In base 9, what is -30 + 26?
-3
In base 14, what is -187 - -1?
-186
In base 9, what is 4 - 3006?
-3002
In base 9, what is 2 - 3708?
-3706
In base 2, what is -1000 + 10011?
1011
In base 13, what is 1b0 + 5?
1b5
In base 10, what is 2 + -1351?
-1349
In base 10, what is 1 - 45?
-44
In base 12, what is -186 + 4?
-182
In base 13, 